{"id":20209,"date":"2022-10-14T07:06:12","date_gmt":"2022-10-14T07:06:12","guid":{"rendered":"https:\/\/libriamoci.cepell.it\/II\/?page_id=20209"},"modified":"2022-10-14T10:47:05","modified_gmt":"2022-10-14T10:47:05","slug":"se-leggi-sei-forte-il-tema-istituzionale-e-i-tre-filoni-tematici","status":"publish","type":"page","link":"https:\/\/libriamoci.cepell.it\/II\/?page_id=20209","title":{"rendered":"Se leggi sei forte! Il tema istituzionale e i tre filoni tematici"},"content":{"rendered":"<p>[vc_row][vc_column width=&#8221;1\/1&#8243;][vc_raw_html]JTNDaDUlMjBjbGFzcyUzRCUyMnNlY3Rpb24tdGl0bGUlMjIlM0VTZSUyMGxlZ2dpJTIwc2VpJTIwZm9ydGUlMjElMjBJbCUyMHRlbWElMjBpc3RpdHV6aW9uYWxlJTIwZSUyMGklMjB0cmUlMjBmaWxvbmklMjB0ZW1hdGljaSUyMCUzQyUyRmg1JTNF[\/vc_raw_html][\/vc_column][\/vc_row][vc_row][vc_column][vc_column_text]<\/p>\n<p>Uno strumento per ampliare le proprie <strong>conoscenze,<\/strong> acquisire nuove <strong>consapevolezze<\/strong>, aumentare la <strong>sicurezza<\/strong> di s\u00e9 e molto altro ancora: guarda agli inesauribili poteri della lettura <strong>Se leggi sei forte!<\/strong>, il tema istituzionale della nona edizione di Libriamoci che attraverso i tre filoni tematici coordinati \u2013 <strong>La forza delle parole, I libri, quelli forti\u2026 e Forti con le rime<\/strong> \u2013 si propone come guida da seguire o spunto per nuovi percorsi di lettura, senza comunque essere in alcun modo vincolante.<\/p>\n<p><strong>IL TEMA ISTITUZIONALE<\/strong><br \/> <strong>Se leggi sei forte!<\/strong> parola di <em>Libriamoci<\/em>. Chi legge \u00e8 pi\u00f9 al sicuro, pi\u00f9 difeso e armato di idee contro ingiustizie, sofferenze e prove, sa come prendersi cura di s\u00e9 stesso e reagire davanti alle asperit\u00e0 della vita. I lettori non restano mai senza parole: che si tratti di aver sempre pronta la frase giusta al momento giusto, di controbattere con parole appropriate a offese o violenze, o di sapere dove cercare le risposte alle proprie domande. Se leggi sei forte! riflette questi aspetti: la lettura come strumento che rende pi\u00f9 forti e consapevoli, dunque autenticamente liberi.<\/p>\n<p><strong>I TRE FILONI TEMATICI<\/strong><br \/> Come sempre, il tema istituzionale di Libriamoci viene declinato in tre filoni tematici realizzati con l\u2019intento di ispirare i docenti e i lettori, se lo desiderano, nella realizzazione delle proprie attivit\u00e0.<\/p>\n<p> <em><strong>La forza delle parole.<\/strong><\/em> Come ricorda un antichissimo proverbio, le parole possono ferire pi\u00f9 della spada, hanno una forza che va oltre il piano fisico. Le parole cambiano il mondo e le persone che lo plasmano giorno dopo giorno. Il primo dei filoni tematici di Libriamoci \u00e8 quindi dedicato all\u2019uso delle parole per interpretare, spiegare, criticare, modificare la realt\u00e0 che ci circonda. Rientrano qui letture che riguardano <strong>temi di attualit\u00e0<\/strong> ambientali, politici e sociali: trasversale e modulabile, \u00e8 un filone tematico adatto a ogni ordine e grado, dalle scuole dell\u2019infanzia alle secondarie di secondo grado.<\/p>\n<p> <em><strong>I libri, quelli forti\u2026<\/strong> <\/em>Ci sono storie, personaggi, che lasciano il segno, colpiscono per la loro schiettezza o profondit\u00e0, libri che ci cambiano, nei quali ci riconosciamo e insieme scopriamo qualcosa di nuovo su noi stessi. Letture forti, che ispirano nuova forza. <strong>Narrativa, romanzi di formazione e biografie<\/strong> sono i generi pi\u00f9 indicati a questo secondo filone tematico, particolarmente adatto a studenti di scuole secondarie di primo e secondo grado, colti nel momento pi\u00f9 delicato del percorso di crescita personale.<\/p>\n<p> <em><strong>Forti con le rime<\/strong>.<\/em> L\u2019arte di combinare parole e ritmo, di evocare emozioni, atmosfere, interi mondi, con un unico verso, \u00e8 una potente arma di seduzione e di espressione. Questo filone d\u00e0 voce al <strong>genere poetico<\/strong>, classico e contemporaneo, e si rivolge a quel \u201cpoeta interiore\u201d che forse \u00e8 in ciascuno di noi: spazio quindi ai versi d\u2019amore come a quelli di critica sociale, alle filastrocche per i giovanissimi lettori della scuola materna come pure alle liriche delle canzoni, alle sfide all\u2019ultimo verso nei \u2018poetry slam\u2019, fino alle raccolte poetiche che formano gran parte della programmazione scolastica superiore.<\/p>\n<p>[\/vc_column_text][\/vc_column][\/vc_row]<\/p>\n","protected":false},"excerpt":{"rendered":"<p>[vc_row][vc_column width=&#8221;1\/1&#8243;][vc_raw_html]JTNDaDUlMjBjbGFzcyUzRCUyMnNlY3Rpb24tdGl0bGUlMjIlM0VTZSUyMGxlZ2dpJTIwc2VpJTIwZm9ydGUlMjElMjBJbCUyMHRlbWElMjBpc3RpdHV6aW9uYWxlJTIwZSUyMGklMjB0cmUlMjBmaWxvbmklMjB0ZW1hdGljaSUyMCUzQyUyRmg1JTNF[\/vc_raw_html][\/vc_column][\/vc_row][vc_row][vc_column][vc_column_text] Uno strumento per ampliare le proprie conoscenze, acquisire nuove consapevolezze, aumentare la sicurezza di s\u00e9 e molto altro [&hellip;]<\/p>\n","protected":false},"author":1,"featured_media":0,"parent":0,"menu_order":0,"comment_status":"closed","ping_status":"closed","template":"","meta":{"_links_to":"","_links_to_target":""},"acf":[],"_links":{"self":[{"href":"https:\/\/libriamoci.cepell.it\/II\/index.php?rest_route=\/wp\/v2\/pages\/20209"}],"collection":[{"href":"https:\/\/libriamoci.cepell.it\/II\/index.php?rest_route=\/wp\/v2\/pages"}],"about":[{"href":"https:\/\/libriamoci.cepell.it\/II\/index.php?rest_route=\/wp\/v2\/types\/page"}],"author":[{"embeddable":true,"href":"https:\/\/libriamoci.cepell.it\/II\/index.php?rest_route=\/wp\/v2\/users\/1"}],"replies":[{"embeddable":true,"href":"https:\/\/libriamoci.cepell.it\/II\/index.php?rest_route=%2Fwp%2Fv2%2Fcomments&post=20209"}],"version-history":[{"count":5,"href":"https:\/\/libriamoci.cepell.it\/II\/index.php?rest_route=\/wp\/v2\/pages\/20209\/revisions"}],"predecessor-version":[{"id":20243,"href":"https:\/\/libriamoci.cepell.it\/II\/index.php?rest_route=\/wp\/v2\/pages\/20209\/revisions\/20243"}],"wp:attachment":[{"href":"https:\/\/libriamoci.cepell.it\/II\/index.php?rest_route=%2Fwp%2Fv2%2Fmedia&parent=20209"}],"curies":[{"name":"wp","href":"https:\/\/api.w.org\/{rel}","templated":true}]}}

<p>[vc_row][vc_column width=&#8221;1/1&#8243;][vc_raw_html]JTNDaDUlMjBjbGFzcyUzRCUyMnNlY3Rpb24tdGl0bGUlMjIlM0VTZSUyMGxlZ2dpJTIwc2VpJTIwZm9ydGUlMjElMjBJbCUyMHRlbWElMjBpc3RpdHV6aW9uYWxlJTIwZSUyMGklMjB0cmUlMjBmaWxvbmklMjB0ZW1hdGljaSUyMCUzQyUyRmg1JTNF[/vc_raw_html][/vc_column][/vc_row][vc_row][vc_column][vc_column_text]</p>
<p>Uno strumento per ampliare le proprie <strong>conoscenze,</strong> acquisire nuove <strong>consapevolezze</strong>, aumentare la <strong>sicurezza</strong> di sé e molto altro ancora: guarda agli inesauribili poteri della lettura <strong>Se leggi sei forte!</strong>, il tema istituzionale della nona edizione di Libriamoci che attraverso i tre filoni tematici coordinati – <strong>La forza delle parole, I libri, quelli forti… e Forti con le rime</strong> – si propone come guida da seguire o spunto per nuovi percorsi di lettura, senza comunque essere in alcun modo vincolante.</p>
<p><strong>IL TEMA ISTITUZIONALE</strong><br /> <strong>Se leggi sei forte!</strong> parola di <em>Libriamoci</em>. Chi legge è più al sicuro, più difeso e armato di idee contro ingiustizie, sofferenze e prove, sa come prendersi cura di sé stesso e reagire davanti alle asperità della vita. I lettori non restano mai senza parole: che si tratti di aver sempre pronta la frase giusta al momento giusto, di controbattere con parole appropriate a offese o violenze, o di sapere dove cercare le risposte alle proprie domande. Se leggi sei forte! riflette questi aspetti: la lettura come strumento che rende più forti e consapevoli, dunque autenticamente liberi.</p>
<p><strong>I TRE FILONI TEMATICI</strong><br /> Come sempre, il tema istituzionale di Libriamoci viene declinato in tre filoni tematici realizzati con l’intento di ispirare i docenti e i lettori, se lo desiderano, nella realizzazione delle proprie attività.</p>
<p> <em><strong>La forza delle parole.</strong></em> Come ricorda un antichissimo proverbio, le parole possono ferire più della spada, hanno una forza che va oltre il piano fisico. Le parole cambiano il mondo e le persone che lo plasmano giorno dopo giorno. Il primo dei filoni tematici di Libriamoci è quindi dedicato all’uso delle parole per interpretare, spiegare, criticare, modificare la realtà che ci circonda. Rientrano qui letture che riguardano <strong>temi di attualità</strong> ambientali, politici e sociali: trasversale e modulabile, è un filone tematico adatto a ogni ordine e grado, dalle scuole dell’infanzia alle secondarie di secondo grado.</p>
<p> <em><strong>I libri, quelli forti…</strong> </em>Ci sono storie, personaggi, che lasciano il segno, colpiscono per la loro schiettezza o profondità, libri che ci cambiano, nei quali ci riconosciamo e insieme scopriamo qualcosa di nuovo su noi stessi. Letture forti, che ispirano nuova forza. <strong>Narrativa, romanzi di formazione e biografie</strong> sono i generi più indicati a questo secondo filone tematico, particolarmente adatto a studenti di scuole secondarie di primo e secondo grado, colti nel momento più delicato del percorso di crescita personale.</p>
<p> <em><strong>Forti con le rime</strong>.</em> L’arte di combinare parole e ritmo, di evocare emozioni, atmosfere, interi mondi, con un unico verso, è una potente arma di seduzione e di espressione. Questo filone dà voce al <strong>genere poetico</strong>, classico e contemporaneo, e si rivolge a quel “poeta interiore” che forse è in ciascuno di noi: spazio quindi ai versi d’amore come a quelli di critica sociale, alle filastrocche per i giovanissimi lettori della scuola materna come pure alle liriche delle canzoni, alle sfide all’ultimo verso nei ‘poetry slam’, fino alle raccolte poetiche che formano gran parte della programmazione scolastica superiore.</p>
<p>[/vc_column_text][/vc_column][/vc_row]</p>

<p>[vc_row][vc_column width=&#8221;1/1&#8243;][vc_raw_html]JTNDaDUlMjBjbGFzcyUzRCUyMnNlY3Rpb24tdGl0bGUlMjIlM0VTZSUyMGxlZ2dpJTIwc2VpJTIwZm9ydGUlMjElMjBJbCUyMHRlbWElMjBpc3RpdHV6aW9uYWxlJTIwZSUyMGklMjB0cmUlMjBmaWxvbmklMjB0ZW1hdGljaSUyMCUzQyUyRmg1JTNF[/vc_raw_html][/vc_column][/vc_row][vc_row][vc_column][vc_column_text] Uno strumento per ampliare le proprie conoscenze, acquisire nuove consapevolezze, aumentare la sicurezza di sé e molto altro [&hellip;]</p>
